{"id":4,"date":"2011-03-11T17:14:23","date_gmt":"2011-03-11T13:14:23","guid":{"rendered":"http:\/\/blaaneis.no\/?page_id=4"},"modified":"2020-04-28T16:56:58","modified_gmt":"2020-04-28T12:56:58","slug":"is-fra-sirnes","status":"publish","type":"page","link":"http:\/\/blaaneis.no\/?page_id=4","title":{"rendered":"IS FRA SINNES"},"content":{"rendered":"<p>[column width=&#8221;47%&#8221; padding=&#8221;7%&#8221;]<script type=\"text\/javascript\">var mygallery=new SuperbSlideshowGallery({wrapperid: \"ISGALLERY\", dimensions: [411, 435], imagearray: [ [\"http:\/\/blaaneis.no\/wp-content\/uploads\/2011\/04\/g1.2.jpg\", \"#\", \"_blank\", \"\"],[\"http:\/\/blaaneis.no\/wp-content\/uploads\/2011\/04\/g1.3.jpg\", \"#\", \"_blank\", \"\"],[\"http:\/\/blaaneis.no\/wp-content\/uploads\/2011\/04\/g1.4.jpg\", \"#\", \"_blank\", \"\"],[\"http:\/\/blaaneis.no\/wp-content\/uploads\/2011\/04\/g1.5.jpg\", \"#\", \"_blank\", \"\"],[\"http:\/\/blaaneis.no\/wp-content\/uploads\/2011\/04\/g1.6.jpg\", \"#\", \"_blank\", \"\"],[\"http:\/\/blaaneis.no\/wp-content\/uploads\/2011\/04\/g1.7.jpg\", \"#\", \"_blank\", \"\"] ],displaymode: {type:\"auto\", pause:2500, cycles:0, wraparound:false},\tpersist: false, fadeduration: 500, descreveal: \"peek-a-boo\",togglerid: \"\"})<\/script><div id=\"ISGALLERY\" style=\"max-width:100%\"><\/div>[\/column]<\/p>\n<p>[column width=&#8221;25%&#8221; padding=&#8221;5%&#8221;]<\/p>\n<p>&nbsp;<\/p>\n<p>\u00c5se Bente Sinnes flyttet hjem til Sirdal og overtok familieg\u00e5rden som ligger midt p\u00e5 Sinnes i 2007. G\u00e5rdsjenta er glad i dyrene sine og ved hjelp av den ferske melka lager hun en knallgod is med inspirasjon fra Italia. Iskremproduksjonen foreg\u00e5r p\u00e5 g\u00e5rden i det nybygde \u201dIshuset\u201d.<\/p>\n<p>Med \u00f8nske om \u00e5 skape et unikt og&nbsp;lokalt produkt kom tanken om iskremproduksjon i gang. Med melk fra egne kyr, lokale b\u00e6r og kurs i Italia kunne dr\u00f8mmen realiseres. Lokale ingredienser, skapertrang og vilje til \u00e5 realisere en dr\u00f8m skapte produktet Bl\u00e5ne Is<br \/>\n\u201d<em> Isen som nytes best med utsikt til bl\u00e5nende fjell<\/em>\u201d<\/p>\n<p>[\/column]<\/p>\n<p>[end_columns]<\/p>\n","protected":false},"excerpt":{"rendered":"<p>[column width=&#8221;47%&#8221; padding=&#8221;7%&#8221;][\/column] [column width=&#8221;25%&#8221; padding=&#8221;5%&#8221;] &nbsp; \u00c5se Bente Sinnes flyttet hjem til Sirdal og overtok familieg\u00e5rden som ligger midt p\u00e5 Sinnes i 2007. G\u00e5rdsjenta er glad i dyrene sine og ved hjelp av den ferske melka lager hun en knallgod is med inspirasjon fra Italia. Iskremproduksjonen foreg\u00e5r p\u00e5 g\u00e5rden i det nybygde \u201dIshuset\u201d. Med [&hellip;]<\/p>\n","protected":false},"author":1,"featured_media":0,"parent":0,"menu_order":1,"comment_status":"closed","ping_status":"closed","template":"","meta":{"footnotes":""},"class_list":["post-4","page","type-page","status-publish","hentry"],"_links":{"self":[{"href":"http:\/\/blaaneis.no\/index.php?rest_route=\/wp\/v2\/pages\/4","targetHints":{"allow":["GET"]}}],"collection":[{"href":"http:\/\/blaaneis.no\/index.php?rest_route=\/wp\/v2\/pages"}],"about":[{"href":"http:\/\/blaaneis.no\/index.php?rest_route=\/wp\/v2\/types\/page"}],"author":[{"embeddable":true,"href":"http:\/\/blaaneis.no\/index.php?rest_route=\/wp\/v2\/users\/1"}],"replies":[{"embeddable":true,"href":"http:\/\/blaaneis.no\/index.php?rest_route=%2Fwp%2Fv2%2Fcomments&post=4"}],"version-history":[{"count":46,"href":"http:\/\/blaaneis.no\/index.php?rest_route=\/wp\/v2\/pages\/4\/revisions"}],"predecessor-version":[{"id":492,"href":"http:\/\/blaaneis.no\/index.php?rest_route=\/wp\/v2\/pages\/4\/revisions\/492"}],"wp:attachment":[{"href":"http:\/\/blaaneis.no\/index.php?rest_route=%2Fwp%2Fv2%2Fmedia&parent=4"}],"curies":[{"name":"wp","href":"https:\/\/api.w.org\/{rel}","templated":true}]}}

<p>[column width=&#8221;47%&#8221; padding=&#8221;7%&#8221;]<script type="text/javascript">var mygallery=new SuperbSlideshowGallery({wrapperid: "ISGALLERY", dimensions: [411, 435], imagearray: [ ["http://blaaneis.no/wp-content/uploads/2011/04/g1.2.jpg", "#", "_blank", ""],["http://blaaneis.no/wp-content/uploads/2011/04/g1.3.jpg", "#", "_blank", ""],["http://blaaneis.no/wp-content/uploads/2011/04/g1.4.jpg", "#", "_blank", ""],["http://blaaneis.no/wp-content/uploads/2011/04/g1.5.jpg", "#", "_blank", ""],["http://blaaneis.no/wp-content/uploads/2011/04/g1.6.jpg", "#", "_blank", ""],["http://blaaneis.no/wp-content/uploads/2011/04/g1.7.jpg", "#", "_blank", ""] ],displaymode: {type:"auto", pause:2500, cycles:0, wraparound:false},	persist: false, fadeduration: 500, descreveal: "peek-a-boo",togglerid: ""})</script><div id="ISGALLERY" style="max-width:100%"></div>[/column]</p>
<p>[column width=&#8221;25%&#8221; padding=&#8221;5%&#8221;]</p>
<p>&nbsp;</p>
<p>Åse Bente Sinnes flyttet hjem til Sirdal og overtok familiegården som ligger midt på Sinnes i 2007. Gårdsjenta er glad i dyrene sine og ved hjelp av den ferske melka lager hun en knallgod is med inspirasjon fra Italia. Iskremproduksjonen foregår på gården i det nybygde ”Ishuset”.</p>
<p>Med ønske om å skape et unikt og&nbsp;lokalt produkt kom tanken om iskremproduksjon i gang. Med melk fra egne kyr, lokale bær og kurs i Italia kunne drømmen realiseres. Lokale ingredienser, skapertrang og vilje til å realisere en drøm skapte produktet Blåne Is<br />
”<em> Isen som nytes best med utsikt til blånende fjell</em>”</p>
<p>[/column]</p>
<p>[end_columns]</p>

<p>[column width=&#8221;47%&#8221; padding=&#8221;7%&#8221;][/column] [column width=&#8221;25%&#8221; padding=&#8221;5%&#8221;] &nbsp; Åse Bente Sinnes flyttet hjem til Sirdal og overtok familiegården som ligger midt på Sinnes i 2007. Gårdsjenta er glad i dyrene sine og ved hjelp av den ferske melka lager hun en knallgod is med inspirasjon fra Italia. Iskremproduksjonen foregår på gården i det nybygde ”Ishuset”. Med [&hellip;]</p>
